*n**2 - 263*n + 15984. Calculate g(48).
-1248
Let z(y) = 1081*y + 1795. Give z(-2).
-367
Let x(b) = -63*b**2 - 29*b + 42. What is x(-4)?
-850
Let p(s) = -s**3 - 8*s**2 + 2218*s + 8894. Calculate p(-4).
-42
Let s(m) = 905*m - 4431. Give s(5).
94
Let c(y) = -y**2 - 764*y + 13922. Give c(18).
-154
Let t(u) = 43514*u + 43294. Give t(-1).
-220
Let m(p) = -p**3 - 5*p**2 + 75*p + 1537. Give m(12).
-11
Let m(c) = -4*c**3 - 1424*c**2 - 8432*c - 11195. Determine m(-350).
5
Let k(g) = -2*g**3 - 8*g**2 + 564*g + 62. What is k(15)?
-28
Let z(j) = -7*j**3 + 152*j**2 - 623*j - 11. Give z(4).
-519
Let x(u) = -10*u**2 + 6574*u + 19739. Give x(-3).
-73
Let l(z) = 57*z**2 - 37*z + 176. Calculate l(4).
940
Let l(t) = 15180*t + 60790. What is l(-4)?
70
Let x(w) = 2016*w - 68535. What is x(34)?
9
Let d(p) = 436751*p + 3494029. Give d(-8).
21
Let q(r) = 39*r**2 - 550*r - 34. What is q(14)?
-90
Let a(b) = b**3 + 513*b**2 + 1925*b + 201450. Determine a(-510).
0
Let d(y) = -940*y - 214323. Determine d(-228).
-3
Let s(g) = 39*g**2 - 105*g + 225. What is s(5)?
675
Let o(r) = -1658*r + 54843. What is o(33)?
129
Let m(j) = -492*j - 51130. Calculate m(-104).
38
Let o(i) = i**2 + 254*i - 32542. Determine o(94).
170
Let c(v) = -2*v**2 + 184*v + 1617. Determine c(91).
1799
Let l(r) = r**3 + 37*r**2 + 2218*r + 78537. Determine l(-36).
-15
Let u(w) = -42*w**2 + 1383*w + 71. Calculate u(33).
-28
Let h(j) = j**3 - 47*j**2 - 51*j - 4189. Give h(50).
761
Let b(u) = 2577*u - 242260. Give b(94).
-22
Let k(c) = 7956*c - 63782. Calculate k(8).
-134
Let k(y) = y**3 - 60*y**2 - 14841*y + 890446. Determine k(60).
-14
Let x(z) = -26325*z - 263245. Give x(-10).
5
Let k(d) = 6*d**2 - 217*d - 3437. What is k(-12)?
31
Let y(c) = -c**3 + 461*c**2 - 1812*c - 7265. Determine y(457).
47
Let a(y) = -y**2 - 1909*y - 767801. What is a(-576)?
7
Let c(s) = -3*s**3 - 68*s**2 - 60*s - 610. Calculate c(-22).
-258
Let w(h) = -656*h - 3257. Calculate w(-5).
23
Let o(s) = 76*s**2 - 1329*s - 5279. Give o(-4).
1253
Let n(t) = -35485*t + 319355. Give n(9).
-10
Let c(s) = -s**3 + 86*s**2 + 158*s + 2124. Give c(88).
540
Let t(i) = -3*i**3 - 676*i**2 - 2860*i + 2877. Determine t(-221).
4
Let k(f) = -2*f**3 + 4*f**2 + 501*f - 97. What is k(-15)?
38
Let s(h) = 1302*h - 58498. Determine s(45).
92
Let n(s) = s**3 + 195*s**2 + 6538*s + 981730. Calculate n(-188).
-6
Let d(m) = -m**3 + 12*m**2 + 561*m + 3214. Calculate d(-8).
6
Let h(l) = -2*l**3 + 22*l**2 - 461*l + 2829. What is h(7)?
-6
Let d(m) = m**3 - 44*m**2 - 7253*m + 176. Determine d(110).
946
Let i(b) = -4320*b - 4287. Give i(-1).
33
Let p(a) = -19*a + 3441. What is p(11)?
3232
Let p(n) = -8969*n - 654647. Calculate p(-73).
90
Let a(z) = 722*z**2 - 13028*z + 21. Give a(18).
-555
Let m(p) = -5*p**2 - 734*p + 5333. Give m(7).
-50
Let m(o) = o**2 - 30*o - 555. What is m(0)?
-555
Let o(t) = -t**2 + 516*t + 30302. Give o(-53).
145
Let w(l) = -9*l**2 + 201*l - 1764. Give w(9).
-684
Let g(r) = 61*r + 13191. Calculate g(-219).
-168
Let z(l) = -153*l + 34524. What is z(227)?
-207
Let l(g) = 3*g**3 + 6412*g**2 + 19283*g + 223. Determine l(-3).
1
Let m(l) = l**2 - 793*l + 5572. Determine m(7).
70
Let i(v) = -2*v**3 + 2483*v**2 - 7451*v + 26. What is i(3)?
-34
Let g(p) = p**3 - 16*p**2 - 98*p + 62. What is g(-10)?
-1558
Let y(d) = 1718*d**2 - 415748*d - 1939. Determine y(242).
-3
Let r(k) = 3*k**2 - 2298*k - 25384. Give r(-11).
257
Let r(z) = -296560*z - 4448404. Determine r(-15).
-4
Let d(f) = -2*f**2 - 733*f + 10286. Give d(-380).
26
Let x(r) = -r**2 + 3438*r - 1760396. What is x(626)?
-84
Let t(q) = 32*q**2 - 666*q + 2755. Calculate t(15).
-35
Let f(t) = -3943*t - 39299. What is f(-10)?
131
Let o(t) = 5*t**2 - 21272*t - 989090. Determine o(-46).
2
Let w(t) = -5*t**3 + 19*t**2 + 84*t - 68. Give w(9).
-1418
Let a(c) = -23*c**2 + 476*c - 2391. Determine a(10).
69
Let p(n) = n**3 + 2838*n**2 + 147604*n - 48. Calculate p(-53).
5
Let c(y) = y**3 + 8*y**2 - 1374*y + 2670. Calculate c(32).
-338
Let v(m) = -4*m**3 + 23*m**2 - 8*m - 38. Determine v(2).
6
Let l(p) = -147080*p + 1912033. Determine l(13).
-7
Let b(i) = i**3 - 2*i**2 + 184115*i - 552353. Calculate b(3).
1
Let u(b) = -5*b**2 - 1492*b - 7402. Determine u(-5).
-67
Let t(i) = i**3 - 25*i**2 - 57*i - 348. Calculate t(19).
-3597
Let t(r) = -2898*r + 3468919. What is t(1197)?
13
Let c(b) = b**2 - 571*b - 138471. What is c(-184)?
449
Let a(n) = 3*n**2 + 87*n + 609. What is a(-12)?
-3
Let t(y) = 18986*y + 113912. What is t(-6)?
-4
Let n(s) = -2*s**3 - 478*s**2 + 210*s + 50128. Give n(-239).
-62
Let r(i) = 35*i**3 - 5948*i**2 - 294*i - 7796. What is r(170)?
24
Let p(m) = m**3 + 28*m**2 - 296*m + 80. What is p(6)?
-472
Let m(a) = 3*a**3 - 2*a**2 + 12*a - 7. Calculate m(-3).
-142
Let b(x) = -42177*x - 2488352. Calculate b(-59).
91
Let l(j) = -41609*j - 291281. Calculate l(-7).
-18
Let u(q) = q**2 + 190*q + 1618. What is u(-10)?
-182
Let k(q) = q**3 - 106*q**2 + 87*q - 9257. Calculate k(106).
-35
Let z(s) = -18*s**2 + 156*s + 1106. What is z(-7)?
-868
Let d(y) = 2*y**3 + 24*y**2 + 66*y - 1218. Calculate d(-13).
-2414
Let h(o) = 517*o - 15000. Give h(29).
-7
Let l(t) = 2*t**3 + 111*t**2 - 1575*t - 100830. What is l(-52)?
-2
Let n(u) = -u**2 + 334799*u - 5021747. Determine n(15).
13
Let s(t) = -6*t**2 - 2588*t + 31911. What is s(12)?
-9
Let s(x) = -91*x**2 - 852*x - 24. What is s(-11)?
-1663
Let f(w) = -2612*w - 104492. What is f(-40)?
-12
Let k(f) = f**2 - 1868*f + 46057. Calculate k(25).
-18
Let k(b) = 2*b**2 + 18*b - 4898. Give k(-53).
-234
Let a(o) = 5376*o - 247630. Give a(46).
-334
Let a(d) = -32138*d - 192791. Calculate a(-6).
37
Let w(h) = 717*h + 34443. Calculate w(-48).
27
Let s(n) = n**3 + 651*n**2 - 3928*n - 75. Calculate s(6).
9
Let x(m) = -2*m**3 - 29*m**2 - 48*m + 44. Give x(-12).
-100
Let f(r) = -149*r**2 + 920*r + 30. Calculate f(6).
186
Let k(t) = -8961*t + 3154281. Determine k(352).
9
Let x(h) = 5236*h + 73676. Determine x(-14).
372
Let l(v) = -3194*v + 290587. What is l(91)?
-67
Let z(j) = -12531*j - 864641. What is z(-69)?
-2
Let z(v) = v**3 + 33*v**2 + 69*v + 345. Calculate z(-32).
-839
Let u(o) = -o**2 - 823*o - 38185. Give u(-51).
1187
Let x(z) = z**3 - 170*z**2 + 322*z + 2355. Determine x(168).
3
Let t(x) = -74481*x - 8118449. Determine t(-109).
-20
Let g(i) = 4*i**2 + 825*i + 4873. Determine g(-6).
67
Let v(c) = 3*c**2 + 898*c - 48508. What is v(-346)?
-68
Let c(q) = q**3 - 180*q**2 + 1067*q - 4006. Give c(174).
-4
Let l(t) = 7*t**3 + 461*t**2 - 54*t + 346. Give l(-66).
-446
Let r(n) = 11*n**2 - 231*n - 1183. Determine r(-5).
247
Let t(y) = 25721*y + 720178. Determine t(-28).
-10
Let f(p) = -1623*p**3 + 113*p**2 + 111*p - 1. Give f(-1).
1624
Let r(m) = 3194*m - 16024. Give r(5).
-54
Let h(d) = -17*d**2 + 2507*d + 1635. What is h(148)?
303
Let w(b) = 148*b**2 - 5*b - 5365. Determine w(-6).
-7
Let a(o) = -2722710*o + 5445428. Calculate a(2).
8
Let l(y) = -18413*y + 18781262. Calculate l(1020).
2
Let s(k) = -171*k**3 - 1379*k**2 - 85*k - 46. Give s(-8).
-70
Let h(p) = 5208*p + 203123. Calculate h(-39).
11
Let k(x) = -108*x - 35515. Determine k(-329).
17
Let c(i) = 27*i + 2112. Give c(-72).
168
Let g(q) = 849*q**2 + 666*q + 665. Give g(-1).
848
Let q(i) = -33*i + 56. Determine q(30).
-934
Let i(l) = 429*l - 84092. Calculate i(196).
-8
Let f(o) = -2386*o + 142949. Determine f(60).
-211
Let b(h) = 2*h**2 - 15440*h - 139027. Determine b(-9).
95
Let q(u) = -u**2 - 115503*u + 2310442. Calculate q(20).
-18
Let h(m) = -28*m**2 + 2293*m - 423. Determine h(82).
-669
Let s(b) = 538*b**2 - 2680*b + 116. Determine s(5).
166
Let g(l) = l**3 - 16*l**2 - 19*l - 112. Determine g(17).
-146
Let c(v) = 271*v + 4003. What is c(-15)?
-62
Let j(m) = -1882*m - 26377. Determine j(-14).
-29
Let t(b) = b**2 - 131*b + 4480. Determine t(69).
202
Let v(r) = -98*r**2 + 10*r - 2. What is v(-4)?
-1610
Let y(j) = 3*j**3 + 230*j**2 + 1376*j + 93017. What is y(-76)?
-7
Let u(g) = -g**3 + 106*g**2 - 2652*g + 88. Calculate u(67).
-2525
Let l(u) = -u**2 + 19*u + 6944. Determine l(-57).
2612
Let i(o) = 2*o**2 - 575*o - 28069. What is i(330)?
-19
Let h(l) = 362*l**2 - 15387*l - 7702. Determine h(43).
-5
Let l(p) = 370678*p - 4448135. Give l(12).
1
Let v(r) = 3715*r - 2061790. Determine v(555).
35
Let y(q) = 1235*q**2 - 74111*q + 657. Give y(60).
